 10.
1
Convert -138 (base 13) to base 14.
-116
-18b (base 12) to base 4
-3323
What is -1 (base 15) in base 5?
-1
What is 18 (base 13) in base 10?
21
Convert -2 (base 15) to base 3.
-2
Convert 158 (base 12) to base 10.
212
3 (base 9) to base 3
10
55 (base 14) to base 8
113
What is -20 (base 3) in base 12?
-6
-4 (base 14) to base 12
-4
-22 (base 5) to base 11
-11
321 (base 4) to base 15
3c
-7 (base 12) to base 13
-7
-4 (base 14) to base 16
-4
What is -3 (base 10) in base 2?
-11
Convert -3 (base 8) to base 2.
-11
Convert -3 (base 9) to base 3.
-10
What is -2022 (base 3) in base 10?
-62
4 (base 15) to base 14
4
What is 6 (base 16) in base 15?
6
Convert -1 (base 7) to base 4.
-1
-1b (base 13) to base 2
-11000
What is 4 (base 5) in base 13?
4
What is -6 (base 13) in base 7?
-6
What is 1231 (base 4) in base 6?
301
0 (base 9) to base 7
0
-12 (base 5) to base 4
-13
Convert -2 (base 3) to base 16.
-2
1 (base 5) to base 6
1
-99 (base 14) to base 6
-343
Convert 101 (base 2) to base 11.
5
Convert -211 (base 4) to base 6.
-101
What is -99 (base 10) in base 6?
-243
What is -31 (base 5) in base 12?
-14
Convert 222 (base 3) to base 6.
42
Convert 2 (base 9) to base 13.
2
2 (base 11) to base 3
2
What is 4 (base 12) in base 2?
100
What is -201 (base 6) in base 16?
-49
Convert -78 (base 16) to base 10.
-120
What is 5 (base 15) in base 4?
11
-10 (base 2) to base 5
-2
What is 241 (base 5) in base 15?
4b
Convert 35 (base 14) to base 12.
3b
What is 10 (base 9) in base 15?
9
Convert -2 (base 16) to base 8.
-2
Convert -4f (base 16) to base 7.
-142
What is -3 (base 14) in base 7?
-3
What is 5 (base 12) in base 4?
11
-42 (base 6) to base 13
-20
Convert -3 (base 9) to base 12.
-3
Convert -21 (base 4) to base 16.
-9
-6 (base 10) to base 9
-6
Convert 98 (base 11) to base 7.
212
Convert -81 (base 12) to base 9.
-117
31 (base 13) to base 12
34
-165 (base 8) to base 13
-90
31 (base 16) to base 2
110001
What is 13 (base 4) in base 2?
111
What is -91 (base 11) in base 8?
-144
What is -4c (base 15) in base 5?
-242
Convert -244 (base 5) to base 8.
-112
What is 1000 (base 2) in base 8?
10
1 (base 13) to base 15
1
What is 413 (base 8) in base 15?
12c
What is 140 (base 6) in base 15?
40
12 (base 16) to base 13
15
-1 (base 12) to base 2
-1
What is 10 (base 4) in base 14?
4
160 (base 13) to base 12
187
Convert 14 (base 8) to base 13.
c
What is -62 (base 15) in base 12?
-78
What is 16 (base 7) in base 14?
d
Convert 1 (base 16) to base 7.
1
22 (base 8) to base 9
20
Convert -53 (base 10) to base 2.
-110101
-54 (base 8) to base 2
-101100
Convert 2 (base 9) to base 14.
2
-1 (base 5) to base 12
-1
28 (base 11) to base 14
22
3 (base 12) to base 16
3
Convert 2 (base 14) to base 11.
2
Convert -3a (base 11) to base 2.
-101011
-1a0 (base 16) to base 2
-110100000
-10211 (base 4) to base 3
-101212
Convert 32 (base 7) to base 6.
35
Convert 6 (base 9) to base 3.
20
2 (base 12) to base 11
2
What is -18 (base 11) in base 6?
-31
Convert 25 (base 8) to base 10.
21
Convert -141 (base 10) to base 3.
-12020
2 (base 10) to base 5
2
12 (base 11) to base 6
21
What is 1 (base 3) in base 12?
1
Convert -11f (base 16) to base 12.
-1bb
Convert 2 (base 14) to base 13.
2
What is 3 (base 14) in base 5?
3
-b (base 13) to base 5
-21
Convert 1 (base 3) to base 13.
1
What is -352 (base 10) in base 13?
-211
10 (base 9) to base 8
11
c (base 16) to base 3
110
What is -102 (base 4) in base 2?
-10010
What is 10b (base 13) in base 2?
10110100
Convert -4 (base 7) to base 10.
-4
What is 0 (base 2) in base 16?
0
-6 (base 9) to base 10
-6
What is 73 (base 9) in base 7?
123
What is -11 (base 8) in base 11?
-9
Convert -5 (base 7) to base 2.
-101
What is -34 (base 15) in base 5?
-144
What is -47 (base 8) in base 5?
-124
Convert 4 (base 9) to base 4.
10
What is -11001 (base 2) in base 12?
-21
What is -1 (base 2) in base 3?
-1
242 (base 10) to base 9
288
What is 8 (base 16) in base 9?
8
What is -12 (base 3) in base 2?
-101
-100 (base 3) to base 2
-1001
What is -5 (base 7) in base 16?
-5
Convert -34 (base 14) to base 12.
-3a
Convert 8 (base 13) to base 12.
8
11112 (base 3) to base 7
233
Convert -23 (base 12) to base 16.
-1b
Convert -6 (base 8) to base 13.
-6
What is -1 (base 11) in base 5?
-1
Convert -2 (base 3) to base 7.
-2
4 (base 9) to base 8
4
6 (base 14) to base 16
6
4 (base 9) to base 14
4
What is 7 (base 8) in base 16?
7
What is 16 (base 7) in base 2?
1101
Convert 101 (base 2) to base 10.
5
2 (base 16) to base 14
2
24 (base 8) to base 10
20
What is -2 (base 13) in base 11?
-2
13 (base 14) to base 16
11
84 (base 10) to base 13
66
-2 (base 9) to base 3
-2
Convert -8 (base 10) to base 15.
-8
What is -13 (base 9) in base 2?
-1100
-2 (base 10) to base 12
-2
Convert 1001101 (base 2) to base 7.
140
34 (base 11) to base 3
1101
Convert -3 (base 13) to base 3.
-10
Convert -10000 (base 2) to base 13.
-13
What is 147 (base 8) in base 4?
1213
-27 (base 10) to base 6
-43
What is -3 (base 9) in base 12?
-3
b (base 12) to base 3
102
Convert 137 (base 10) to base 15.
92
Convert 19 (base 14) to base 10.
23
Convert -4 (base 6) to base 15.
-4
What is 1024 (base 5) in base 6?
351
What is 28 (base 13) in base 15?
24
Convert 19 (base 11) to base 14.
16
Convert -2 (base 13) to base 7.
-2
Convert 129 (base 14) to base 3.
22122
Convert 2 (base 6) to base 9.
2
What is 2010 (base 4) in base 2?
10000100
What is -1120 (base 3) in base 4?
-222
What is -105 (base 6) in base 11?
-38
-5 (base 14) to base 3
-12
Convert 2 (base 9) to base 12.
2
What is -10 (base 4) in base 16?
-4
66 (base 14) to base 2
1011010
-44 (base 6) to base 3
-1001
Convert -112 (base 6) to base 3.
-1122
Convert -2101 (base 4) to base 14.
-a5
101 (base 2) to base 4
11
-16 (base 10) to base 16
-10
What is 28 (base 10) in base 9?
31
What is -1 (base 5) in base 8?
-1
3 (base 9) to base 13
3
What is 5e (base 16) in base 6?
234
14 (base 14) to base 13
15
Convert 3 (base 7) to base 13.
3
What is 11100 (base 2) in base 15?
1d
What is -12 (base 4) in base 5?
-11
-1f (base 16) to base 15
-21
Convert 10 (base 9) to base 7.
12
Convert 100111 (base 2) to base 5.
124
What is -1 (base 12) in base 2?
-1
What is 101011 (base 2) in base 7?
61
-11 (base 4) to base 6
-5
What is -1 (base 12) in base 2?
-1
Convert -1 (base 10) to base 7.
-1
What is 1022 (base 5) in base 13?
a7
-11 (base 8) to base 11
-9
Convert -124 (base 5) to base 9.
-43
What is -2 (base 14) in base 15?
-2
Convert -1 (base 9) to base 10.
-1
Convert -12 (base 5) to base 6.
-11
Convert 112 (base 3) to base 11.
13
What is -69 (base 16) in base 4?
-1221
What is -1 (base 10) in base 5?
-1
What is 5 (base 9) in base 6?
5
-5 (base 11) to base 7
-5
What is -1c (base 16) in base 13?
-22
10 (base 8) to base 4
20
-7 (base 11) to base 9
-7
Convert -100110111 (base 2) to base 14.
-183
What is -3 (base 13) in base 5?
-3
Convert 3 (base 15) to base 13.
3
What is -2 (base 6) in base 3?
-2
Convert 1 (base 14) to base 7.
1
3 (base 6) to base 11
3
-a (base 13) to base 2
-1010
Convert -4 (base 9) to base 2.
-100
What is -125 (base 6) in base 5?
-203
-5 (base 11) to base 2
-101
Convert 276 (base 11) to base 3.
110001
What is 2 (base 14) in base 9?
2
101101 (base 2) to base 7
63
Convert -2 (base 5) to base 6.
-2
Convert 11 (base 3) to base 9.
4
Convert -40 (base 9) to base 3.
-1100
Convert -24 (base 10) to base 3.
-220
Convert -3 (base 15) to base 9.
-3
What is 1 (base 16) in base 5?
1
Convert -8 (base 9) to base 13.
-8
Convert -110 (base 3) to base 16.
-c
-4 (base 11) to base 15
-4
Convert 1011 (base 2) to base 8.
13
-43 (base 6) to base 10
-27
What is 13 (base 7) in base 6?
14
What is -1a (base 13) in base 14?
-19
Convert 2 (base 8) to base 3.
2
-10 (base 12) to base 10
-12
What is 0 (base 9) in base 3?
0
Convert 2 (base 3) to base 9.
2
What is -16 (base 16) in base 15?
-17
4 (base 15) to base 16
4
-46 (base 8) to base 13
-2c
Convert 122 (base 4) to base 2.
11010
Convert -25 (base 13) to base 10.
-31
Convert 11 (base 2) to base 3.
10
-120 (base 5) to base 11
-32
-26 (base 11) to base 7
-40
1111 (base 2) to base 9
16
Convert -20 (base 8) to base 9.
-17
Convert -11 (base 3) to base 10.
-4
Convert 200 (base 11) to base 8.
362
Convert -25 (base 6) to base 16.
-11
Convert -8 (base 15) to base 11.
-8
Convert -11100 (base 2) to base 16.
-1c
0 (base 7) to base 5
0
Con